e the greatest common factor of 756314 and 19.
19
Calculate the highest common factor of 102756 and 8.
4
What is the highest common divisor of 9712 and 48?
16
Calculate the highest common factor of 260443 and 74.
37
Calculate the highest common divisor of 203680 and 4864.
608
Calculate the highest common divisor of 1096 and 3014.
274
Calculate the greatest common factor of 1204 and 75551.
301
What is the highest common divisor of 1022346 and 6188?
442
What is the greatest common factor of 18 and 903768?
6
What is the highest common factor of 362223 and 2505?
501
What is the greatest common divisor of 28 and 152446?
14
What is the highest common divisor of 4573752 and 36?
12
What is the highest common divisor of 250144 and 128?
32
What is the highest common factor of 8487 and 328?
41
Calculate the greatest common divisor of 290 and 76850.
290
What is the greatest common divisor of 7945 and 350?
35
What is the highest common factor of 73605 and 525?
105
Calculate the highest common divisor of 10 and 35450.
10
Calculate the highest common divisor of 11060 and 14420.
140
Calculate the highest common factor of 1030056 and 20560.
2056
Calculate the greatest common factor of 63187 and 1253.
179
What is the greatest common factor of 232088 and 1608?
536
What is the greatest common divisor of 767781 and 294?
147
Calculate the highest common factor of 111 and 43623.
111
Calculate the greatest common divisor of 177 and 653189.
59
Calculate the greatest common factor of 504 and 6328.
56
What is the highest common factor of 15 and 219840?
15
What is the greatest common factor of 10950 and 11100?
150
Calculate the greatest common factor of 2372 and 3303603.
593
Calculate the highest common divisor of 18173 and 3196.
17
What is the greatest common factor of 111870 and 396?
198
What is the greatest common factor of 60 and 1760960?
20
What is the highest common factor of 12 and 21256716?
12
Calculate the greatest common factor of 103256 and 24.
8
What is the highest common factor of 2710744 and 2672?
1336
What is the greatest common factor of 11456 and 632?
8
Calculate the greatest common factor of 116244 and 8.
4
What is the greatest common divisor of 114 and 1339158?
114
What is the greatest common factor of 36993 and 792?
33
Calculate the highest common divisor of 471 and 25591.
157
What is the greatest common factor of 48 and 5480?
8
What is the greatest common factor of 2434 and 26?
2
Calculate the highest common divisor of 885 and 18645.
15
What is the highest common divisor of 45122 and 2486?
22
What is the greatest common factor of 41210 and 78?
26
What is the greatest common divisor of 685261 and 917?
131
Calculate the highest common divisor of 660 and 5844.
12
What is the greatest common divisor of 118 and 387984?
118
Calculate the highest common divisor of 4266 and 30336.
474
What is the highest common factor of 74487 and 231?
21
What is the greatest common divisor of 708 and 1932?
12
Calculate the highest common divisor of 21 and 431193.
21
Calculate the highest common divisor of 60 and 327264.
12
What is the highest common divisor of 153825 and 1050?
525
What is the greatest common factor of 245 and 238245?
35
What is the highest common factor of 2387 and 13454?
217
Calculate the greatest common divisor of 76 and 3059.
19
Calculate the highest common factor of 108527 and 41.
41
Calculate the highest common divisor of 936 and 180.
36
What is the greatest common divisor of 465 and 47337?
93
Calculate the highest common divisor of 333116 and 322.
14
Calculate the greatest common factor of 945770 and 49.
7
What is the highest common divisor of 390 and 6162?
78
What is the highest common divisor of 272 and 221731?
17
Calculate the highest common divisor of 85 and 57545.
85
What is the highest common divisor of 6300 and 14180?
20
What is the greatest common divisor of 43904 and 428?
4
What is the greatest common divisor of 56575 and 175?
25
What is the highest common factor of 4497 and 110926?
1499
What is the greatest common divisor of 80 and 101356?
4
What is the greatest common factor of 2744 and 763?
7
Calculate the greatest common factor of 1833 and 22419.
141
What is the highest common factor of 26296 and 2584?
152
Calculate the greatest common divisor of 130485 and 45.
15
Calculate the highest common factor of 22770 and 19485.
45
What is the greatest common divisor of 283 and 4393292?
283
Calculate the greatest common divisor of 6487 and 195.
13
What is the highest common divisor of 2135 and 1330?
35
What is the greatest common factor of 935 and 2295?
85
Calculate the highest common divisor of 265461 and 21.
21
What is the highest common divisor of 50154 and 234?
78
What is the highest common factor of 4391 and 9?
1
What is the highest common divisor of 44154 and 4950?
198
What is the greatest common divisor of 1763 and 43?
43
What is the highest common divisor of 765 and 2412?
9
What is the greatest common factor of 16702 and 1778?
14
What is the highest common divisor of 1592718 and 186?
186
Calculate the highest common divisor of 14830 and 30.
10
What is the greatest common factor of 3592 and 5270362?
898
What is the greatest common divisor of 127 and 838073?
127
What is the highest common divisor of 26680 and 160747?
667
Calculate the highest common divisor of 69564 and 594.
66
What is the highest common factor of 212 and 954530?
106
Calculate the greatest common divisor of 8 and 313560.
8
What is the highest common factor of 480 and 111456?
96
What is the greatest common factor of 3564 and 15390?
162
Calculate the highest common factor of 2961 and 7238.
329
What is the greatest common factor of 14560 and 273?
91
What is the highest common factor of 20 and 3833140?
20
Calculate the greatest common factor of 350623 and 182.
91
What is the greatest common divisor of 65 and 8335?
5
What is the greatest common factor of 83292 and 132?
132
What is the highest common factor of 774378 and 77?
11
What is the highest common factor of 512 and 182464?
64
What is the highest common divisor of 398952 and 14040?
216
What is the greatest common factor of 6381 and 99?
9
What is the highest common divisor of 39820 and 113668?
724
What is the highest common factor of 174 and 302006?
58
Calculate the greatest common divisor of 1817885 and 10.
5
What is the highest common divisor of 143 and 2489981?
13
What is the highest common divisor of 3738 and 1302?
42
Calculate the highest common factor of 2703 and 7526.
53
Calculate the greatest common factor of 208 and 30896.
16
Calculate the highest common factor of 9304 and 96.
8
What is the greatest common divisor of 9354 and 54?
6
Calculate the highest common factor of 34135 and 2.
1
Calculate the highest common factor of 274 and 256738.
274
Calculate the greatest common factor of 37 and 119806.
37
What is the greatest common factor of 106638 and 126?
42
Calculate the greatest common factor of 28 and 1954652.
28
What is the highest common factor of 112 and 1102318?
14
Calculate the greatest common factor of 17889 and 2613.
201
What is the highest common factor of 1943611 and 83?
83
Calculate the highest common factor of 47 and 48833.
47
What is the highest common divisor of 3096 and 27348?
516
What is the highest common divisor of 9513 and 10521?
63
What is the highest common divisor of 768 and 5136?
48
What is the greatest common divisor of 738340 and 29?
29
Calculate the highest common factor of 2160 and 369.
9
What is the greatest common divisor of 17616 and 2544?
48
What is the highest common divisor of 104 and 214708?
52
Calculate the greatest common divisor of 427 and 81984.
427
Calculate the highest common divisor of 162 and 1256958.
162
Calculate the greatest common factor of 8804 and 806.
62
What is the greatest common factor of 6510 and 13950?
930
Calculate the greatest common divisor of 25944 and 12144.
552
What is the greatest common factor of 3 and 3888?
3
What is the greatest common divisor of 1220 and 80764?
244
Calculate the highest common factor of 122565 and 30.
15
Calculate the highest common divisor of 140089 and 155.
31
Calculate the greatest common factor of 269178 and 86853.
663
What is the greatest common divisor of 205 and 440?
5
What is the greatest common factor of 194 and 60043?
97
Wh